{"id":331,"date":"2020-03-29T17:54:21","date_gmt":"2020-03-29T17:54:21","guid":{"rendered":"http:\/\/bee-yourself.eu\/?page_id=331"},"modified":"2020-04-02T22:06:24","modified_gmt":"2020-04-02T22:06:24","slug":"shop-downlaod","status":"publish","type":"page","link":"https:\/\/bee-yourself.eu\/?page_id=331","title":{"rendered":"Shop\/Downlaod"},"content":{"rendered":"\n<figure class=\"wp-block-table\"><table class=\"\"><tbody><tr><td class=\"has-text-align-center\" data-align=\"center\"><strong>Nr.<\/strong><\/td><td><strong>Meditation\/Download<\/strong><\/td><td> <strong>  L\u00e4nge   <\/strong><\/td><td class=\"has-text-align-right\" data-align=\"right\"><strong>   Preis\/Euro   <\/strong><\/td><\/tr><tr><td class=\"has-text-align-center\" data-align=\"center\">01<\/td><td><strong>Akasha \u00f6ffnen<\/strong><br>Diese Meditation ist f\u00fcr die Teilnehmer des Seminars gedacht.<\/td><td>07:47   <\/td><td class=\"has-text-align-right\" data-align=\"right\">5,00<\/td><\/tr><tr><td class=\"has-text-align-center\" data-align=\"center\">02<\/td><td><strong>Erwecke deine innere K\u00f6nigin <\/strong> (F\u00fcr Frauen gedacht) <br>Meditationsreise zum Verbinden mit der Energie der K\u00f6nigin.  <\/td><td>15:19   <\/td><td class=\"has-text-align-right\" data-align=\"right\">   10,00<\/td><\/tr><tr><td class=\"has-text-align-center\" data-align=\"center\">  03<\/td><td><strong>Energetischer Schutzraum<\/strong> (Corona)   <a href=\"http:\/\/bee-yourself.eu\/wp-content\/uploads\/2020\/03\/Corona-Schutz.mp3\">download<\/a> <\/td><td>\n  08:58\n  <\/td><td class=\"has-text-align-right\" data-align=\"right\">Aktuell<s> 7,50<\/s>&nbsp; 0,00 <\/td><\/tr><tr><td class=\"has-text-align-center\" data-align=\"center\">04<\/td><td><strong>Vergangene Partnerschaften energetisch trennen <\/strong><br>(F\u00fcr Frauen gedacht)<br>Von jeder Partnerschaft bleiben energetische Verbindungen zur\u00fcck, die dich daran hindern k\u00f6nnen, dich wirklich ganz zu trennen und auf etwas Neues einzulassen.  <\/td><td>08:18   <\/td><td class=\"has-text-align-right\" data-align=\"right\">10,00<\/td><\/tr><tr><td class=\"has-text-align-center\" data-align=\"center\">05  <\/td><td> <\/td><td>\n  &nbsp;\n  <\/td><td class=\"has-text-align-right\" data-align=\"right\">\n  &nbsp;\n  <\/td><\/tr><tr><td class=\"has-text-align-center\" data-align=\"center\">   <\/td><td>\n  &nbsp;\n  <\/td><td>\n  &nbsp;\n  <\/td><td class=\"has-text-align-right\" data-align=\"right\">\n  &nbsp;\n  <\/td><\/tr><\/tbody><\/table><\/figure>\n\n\n\n<p><strong>Bestellung:<\/strong><\/p>\n\n\n\n<ul><li>Klicke auf meinen E-Mail-Link&nbsp;<a href=\"mailto:info@bee-yourself.eu\">info@bee-yourself.eu<\/a>.<\/li><li>Gebe die gew\u00fcnschte Meditation mit Nummer und Bezeichnung an.<\/li><li>Gebe weiter an: Name, Vorname, Stra\u00dfe, Plz, Ort und E-Mail-Adresse.<\/li><li>Nach dem Eingang deiner Bestellung bekommst du von mir eine Best\u00e4tigung mit      Rechnung per E-Mail.<\/li><\/ul>\n\n\n\n<p><strong>Lieferung:<\/strong><\/p>\n\n\n\n<ul><li>Nach Zahlungseingang bekommst du per E-Mail mit: <\/li><li>dem Link, wo du die Meditationen downloaden kannst<\/li><li>Zugangsdaten f\u00fcr den Download<\/li><\/ul>\n\n\n\n<p><\/p>\n","protected":false},"excerpt":{"rendered":"<p>Nr. Meditation\/Download L\u00e4nge Preis\/Euro 01 Akasha \u00f6ffnenDiese Meditation ist f\u00fcr die Teilnehmer des Seminars gedacht. 07:47 5,00 02 Erwecke deine innere K\u00f6nigin (F\u00fcr Frauen gedacht) Meditationsreise zum Verbinden mit der Energie der K\u00f6nigin. 15:19 10,00 03 Energetischer Schutzraum (Corona) download 08:58 Aktuell 7,50&nbsp; 0,00 04 Vergangene Partnerschaften energetisch trennen (F\u00fcr Frauen gedacht)Von jeder Partnerschaft bleiben &#8230; <a title=\"Shop\/Downlaod\" class=\"read-more\" href=\"https:\/\/bee-yourself.eu\/?page_id=331\">Weiterlesen <span class=\"screen-reader-text\">Shop\/Downlaod<\/span><\/a><\/p>\n","protected":false},"author":1,"featured_media":0,"parent":0,"menu_order":12,"comment_status":"closed","ping_status":"closed","template":"","meta":{"footnotes":""},"_links":{"self":[{"href":"https:\/\/bee-yourself.eu\/index.php?rest_route=\/wp\/v2\/pages\/331"}],"collection":[{"href":"https:\/\/bee-yourself.eu\/index.php?rest_route=\/wp\/v2\/pages"}],"about":[{"href":"https:\/\/bee-yourself.eu\/index.php?rest_route=\/wp\/v2\/types\/page"}],"author":[{"embeddable":true,"href":"https:\/\/bee-yourself.eu\/index.php?rest_route=\/wp\/v2\/users\/1"}],"replies":[{"embeddable":true,"href":"https:\/\/bee-yourself.eu\/index.php?rest_route=%2Fwp%2Fv2%2Fcomments&post=331"}],"version-history":[{"count":8,"href":"https:\/\/bee-yourself.eu\/index.php?rest_route=\/wp\/v2\/pages\/331\/revisions"}],"predecessor-version":[{"id":413,"href":"https:\/\/bee-yourself.eu\/index.php?rest_route=\/wp\/v2\/pages\/331\/revisions\/413"}],"wp:attachment":[{"href":"https:\/\/bee-yourself.eu\/index.php?rest_route=%2Fwp%2Fv2%2Fmedia&parent=331"}],"curies":[{"name":"wp","href":"https:\/\/api.w.org\/{rel}","templated":true}]}}