{"id":382,"date":"2020-03-31T14:41:27","date_gmt":"2020-03-31T14:41:27","guid":{"rendered":"http:\/\/bee-yourself.eu\/?page_id=382"},"modified":"2020-04-03T17:47:21","modified_gmt":"2020-04-03T17:47:21","slug":"meditation-energie-anheben","status":"publish","type":"page","link":"https:\/\/bee-yourself.eu\/?page_id=382","title":{"rendered":"2 Meditation &#8222;Energie anheben&#8220;"},"content":{"rendered":"\n<p>Vorbereitend f\u00fcr die Massenmeditation vom 4. auf den 5. April um 4:45 Uhr, biete ich eine passende Meditation an:<\/p>\n\n\n\n<p class=\"has-medium-font-size\"><strong>Termin:<\/strong> Freitag, 03. April 2020 um 20:00 Uhr <\/p>\n\n\n\n<p><\/p>\n\n\n\n<div class=\"wp-block-image\"><figure class=\"alignright size-large\"><img loading=\"lazy\" decoding=\"async\" width=\"40\" height=\"40\" src=\"http:\/\/bee-yourself.eu\/wp-content\/uploads\/2020\/03\/herz5.gif\" alt=\"\" class=\"wp-image-241\"\/><\/figure><\/div>\n\n\n\n<p class=\"has-medium-font-size\"><strong>Thema: <\/strong><br><strong>Verbinden mit sich selbst zur Erh\u00f6hung der eigenen Energie<\/strong><\/p>\n\n\n\n<p>Dieses Mal geht es darum, Deine eigene Schwingung zu erh\u00f6hen und die Verbindung mit dir selbst zu verst\u00e4rken. <\/p>\n\n\n\n<p><strong>Tipps:<\/strong><\/p>\n\n\n\n<ul><li>Schalte zeitig deinen Rechner ein, also ein paar Minuten fr\u00fcher. <\/li><li>Dr\u00fccke noch die Taste F5 um zu Aktualisieren<\/li><li><strong>Lies erst den Text einmal durch, bevor du mit Teil 1 beginnst. <\/strong><\/li><li>Stelle, wenn du magst, eine Kerze auf. <\/li><li>Sorge daf\u00fcr, dass du f\u00fcr ca. 20 Minuten ungest\u00f6rt bist. <\/li><li>F\u00fcr den ersten Teil schlie\u00dfe dein Ger\u00e4t an eine Box an.<\/li><li>F\u00fcr den zweiten eigenen sich besser Kopfh\u00f6rer.<\/li><\/ul>\n\n\n\n<p><strong>Hier geht es los!<\/strong><\/p>\n\n\n\n<p>Dieses Mal habe ich mir etwas ganz Besonderes \u00fcberlegt. Die erste \u00dcbung machst du im Stehen. Du brauchst ein bisschen Platz und Schuhe aus&#8230; <br>Diese \u00dcbung lockert euch, bringt Blockaden in den Fluss und leitet sie aus.<\/p>\n\n\n\n<p><strong>Teil 1:<\/strong> F\u00fcr diese \u00dcbung eigenen sich Stoppersocken o.\u00e4. und sie ist am wirkungsvollsten, wenn du den Ton \u00fcber eine Box h\u00f6ren k\u00f6nntest.<br>Dr\u00fccke auf Play und stelle dich mit etwas Platz in deinem Raum rauf.<\/p>\n\n\n\n<figure class=\"wp-block-audio\"><audio controls src=\"http:\/\/bee-yourself.eu\/wp-content\/uploads\/2020\/04\/Shake-it.mp3\"><\/audio><figcaption>Teil 1<\/figcaption><\/figure>\n\n\n\n<p><strong>Teil 2:<\/strong> Jetzt kommt die eigentliche Meditation.<br>Mache es dir bequem und dr\u00fccke auf Start.<\/p>\n\n\n\n<figure class=\"wp-block-audio\"><audio controls src=\"http:\/\/bee-yourself.eu\/wp-content\/uploads\/2020\/04\/Energie-erh\u00f6hen-Medi.mp3\"><\/audio><figcaption>Teil 2 Meditation<\/figcaption><\/figure>\n\n\n\n<p><strong>Sch\u00f6n, dass du dabei gewesen bist! Ich hoffe es hat dir gut getan \ud83d\ude42 <\/strong><\/p>\n\n\n\n<p style=\"color:#30c139\" class=\"has-text-color has-medium-font-size\"><strong>F\u00fcr ein Feedback und\/oder einen Energieausgleich bin ich dankbar!<\/strong> <\/p>\n\n\n\n<p>Bis bald zum n\u00e4chsten Online-Treffen oder du schaust am Sonntag fr\u00fch nochmal vorbei, zur weltweiten Meditation. Ich habe f\u00fcr alle einen Meditationstext aufgenommen. Den findest du unter Aktuelles \/ Online-Meditation \/ <a href=\"https:\/\/bee-yourself.eu\/?page_id=398\">3 Weltweite Meditation<\/a>.<\/p>\n\n\n\n<p>Wenn du magst, kannst du dir anschlie\u00dfend Lied von SEOM anh\u00f6ren\u2026<\/p>\n\n\n\n<figure class=\"wp-block-embed-youtube wp-block-embed is-type-video is-provider-youtube wp-embed-aspect-16-9 wp-has-aspect-ratio\"><div class=\"wp-block-embed__wrapper\">\n<iframe loading=\"lazy\" title=\"SEOM - ERWACHE (Offizielles Video)\" width=\"1200\" height=\"675\" src=\"https:\/\/www.youtube.com\/embed\/eq5aruSDU_k?feature=oembed\" frameborder=\"0\" allow=\"accelerometer; autoplay; encrypted-media; gyroscope; picture-in-picture\" allowfullscreen><\/iframe>\n<\/div><\/figure>\n\n\n\n<p>Bleibt gesund und wach!! \ud83d\ude42<\/p>\n","protected":false},"excerpt":{"rendered":"<p>Vorbereitend f\u00fcr die Massenmeditation vom 4. auf den 5. April um 4:45 Uhr, biete ich eine passende Meditation an: Termin: Freitag, 03. April 2020 um 20:00 Uhr Thema: Verbinden mit sich selbst zur Erh\u00f6hung der eigenen Energie Dieses Mal geht es darum, Deine eigene Schwingung zu erh\u00f6hen und die Verbindung mit dir selbst zu verst\u00e4rken. &#8230; <a title=\"2 Meditation &#8222;Energie anheben&#8220;\" class=\"read-more\" href=\"https:\/\/bee-yourself.eu\/?page_id=382\">Weiterlesen <span class=\"screen-reader-text\">2 Meditation &#8222;Energie anheben&#8220;<\/span><\/a><\/p>\n","protected":false},"author":1,"featured_media":0,"parent":374,"menu_order":11,"comment_status":"closed","ping_status":"closed","template":"","meta":{"footnotes":""},"_links":{"self":[{"href":"https:\/\/bee-yourself.eu\/index.php?rest_route=\/wp\/v2\/pages\/382"}],"collection":[{"href":"https:\/\/bee-yourself.eu\/index.php?rest_route=\/wp\/v2\/pages"}],"about":[{"href":"https:\/\/bee-yourself.eu\/index.php?rest_route=\/wp\/v2\/types\/page"}],"author":[{"embeddable":true,"href":"https:\/\/bee-yourself.eu\/index.php?rest_route=\/wp\/v2\/users\/1"}],"replies":[{"embeddable":true,"href":"https:\/\/bee-yourself.eu\/index.php?rest_route=%2Fwp%2Fv2%2Fcomments&post=382"}],"version-history":[{"count":19,"href":"https:\/\/bee-yourself.eu\/index.php?rest_route=\/wp\/v2\/pages\/382\/revisions"}],"predecessor-version":[{"id":428,"href":"https:\/\/bee-yourself.eu\/index.php?rest_route=\/wp\/v2\/pages\/382\/revisions\/428"}],"up":[{"embeddable":true,"href":"https:\/\/bee-yourself.eu\/index.php?rest_route=\/wp\/v2\/pages\/374"}],"wp:attachment":[{"href":"https:\/\/bee-yourself.eu\/index.php?rest_route=%2Fwp%2Fv2%2Fmedia&parent=382"}],"curies":[{"name":"wp","href":"https:\/\/api.w.org\/{rel}","templated":true}]}}