{"id":528,"date":"2020-07-18T07:58:03","date_gmt":"2020-07-18T07:58:03","guid":{"rendered":"http:\/\/bee-yourself.eu\/?page_id=528"},"modified":"2022-01-04T13:44:23","modified_gmt":"2022-01-04T13:44:23","slug":"portaltage","status":"publish","type":"page","link":"https:\/\/bee-yourself.eu\/?page_id=528","title":{"rendered":"Portaltage"},"content":{"rendered":"\n<p><strong>Was sind Portaltage?<\/strong><\/p>\n\n\n\n<p>Kurzgefasst es sind Tage mit besonderer Magie oder Energie,\nbasierend auf dem Mayakalender .<\/p>\n\n\n\n<p>Die bekanntesten sind wohl die&nbsp;<strong>Rauhn\u00e4chte<\/strong>, die am 25.12. beginnen und \u00fcber Neujahr bis zum 6. Januar gehen. Die anderen verteilen sich \u00fcber das Jahr.<\/p>\n\n\n\n<p>An diesen besonderen Tagen <strong>erh\u00f6ht sich die kosmische Energie als Turbo f\u00fcr den Wandel<\/strong>, der gerade weltweit stattfindet. Insgesamt findet eine Schwingungsbeschleunigung statt.<\/p>\n\n\n\n<p><strong>Qualit\u00e4ten der Portaltage<\/strong><\/p>\n\n\n\n<p>Diese besonderen Tage bringen besondere Qualit\u00e4ten mit sich,\ndie sich auf deinen K\u00f6rper, Geist und Seele auswirken k\u00f6nnen. Dieses ist sehr\nindividuell, manche\u2026<\/p>\n\n\n\n<ul><li>&#8230; sind sehr kreativ und k\u00f6nnen sch\u00f6pfen<\/li><li>&#8230; sind eher sensibler oder gar depressiv<\/li><li>&#8230; schlafen schlecht oder unruhig <\/li><li>&#8230; tr\u00e4umen sehr intensiv <\/li><li>&#8230; leiden unter Schwindel<\/li><li>&#8230; usw:<\/li><\/ul>\n\n\n\n<p>Wundere dich also nicht, wenn du in diesen Tagen sensibler bist als sonst. Sei gut zu dir selbst, ganz besonders wenn dein K\u00f6rper, Geist und Seele nicht so belastbar sind.<\/p>\n\n\n\n<p><strong>Dein K\u00f6rper muss sich erst auf die Schwingungserh\u00f6hung einstellen.<\/strong><\/p>\n\n\n\n<p>Du kannst dich fragen:<br>Was tut mir gut? Was brauche ich? R\u00fcckzug oder Natur, ein Bad, Massage und Entspannung?<\/p>\n\n\n\n<p>Wenn die Portaltage vorbei sind, haben sich die meisten K\u00f6rper auf diese h\u00f6here Schwingung eingestellt. Diese geht n\u00e4mlich anschlie\u00dfend&nbsp;nicht&nbsp;wieder zur\u00fcck,&nbsp;sie bleibt und erh\u00f6ht sich st\u00e4ndig weiter. Unsere K\u00f6rper werden somit feinstofflicher und gew\u00f6hnen sich an die Ver\u00e4nderung.<\/p>\n\n\n\n<p><strong>Portaltage zur Entwicklung und Transformation nutzen<\/strong><\/p>\n\n\n\n<p>Durch die erh\u00f6hten Energien w\u00e4hrend der Portaltage k\u00f6nnen auf\nfeinstofflicher Ebene unterschiedliche Bereiche verdeutlichen und sich verschiedene\nAuswirkungen bemerkbar machen. Die Wirkung ist sehr individuell und h\u00e4ngt von\nder pers\u00f6nlichen Resonanz und Entwicklung ab. <\/p>\n\n\n\n<p>Kommen wir mit entsprechenden Themen grunds\u00e4tzlich gut klar,\nkann es durchaus sein, dass wir uns richtig gut f\u00fchlen und sogar kreativ Neues\nerschaffen k\u00f6nnen.<\/p>\n\n\n\n<p>An anderen Tagen k\u00f6nnen pers\u00f6nliche unbewusste Aspekte\nangesprochen werden, die alte Gef\u00fchle, Gedanken und Glaubensmuster wieder nach\noben sp\u00fclen. Es kann auch sein, dass du direkt durch eine Situation damit konfrontiert\nwirst. <\/p>\n\n\n\n<p>Nutze dieses als gute Gelegenheit, diese aufzul\u00f6sen und zu\ntransformieren. Es lohnt sich!!<\/p>\n\n\n\n<p><strong><a href=\"http:\/\/bee-yourself.eu\/?page_id=534\">Alle Portaltage 2022<\/a><\/strong><\/p>\n","protected":false},"excerpt":{"rendered":"<p>Was sind Portaltage? Kurzgefasst es sind Tage mit besonderer Magie oder Energie, basierend auf dem Mayakalender . Die bekanntesten sind wohl die&nbsp;Rauhn\u00e4chte, die am 25.12. beginnen und \u00fcber Neujahr bis zum 6. Januar gehen. Die anderen verteilen sich \u00fcber das Jahr. An diesen besonderen Tagen erh\u00f6ht sich die kosmische Energie als Turbo f\u00fcr den Wandel, &#8230; <a title=\"Portaltage\" class=\"read-more\" href=\"https:\/\/bee-yourself.eu\/?page_id=528\">Weiterlesen <span class=\"screen-reader-text\">Portaltage<\/span><\/a><\/p>\n","protected":false},"author":1,"featured_media":0,"parent":0,"menu_order":0,"comment_status":"closed","ping_status":"closed","template":"","meta":{"footnotes":""},"_links":{"self":[{"href":"https:\/\/bee-yourself.eu\/index.php?rest_route=\/wp\/v2\/pages\/528"}],"collection":[{"href":"https:\/\/bee-yourself.eu\/index.php?rest_route=\/wp\/v2\/pages"}],"about":[{"href":"https:\/\/bee-yourself.eu\/index.php?rest_route=\/wp\/v2\/types\/page"}],"author":[{"embeddable":true,"href":"https:\/\/bee-yourself.eu\/index.php?rest_route=\/wp\/v2\/users\/1"}],"replies":[{"embeddable":true,"href":"https:\/\/bee-yourself.eu\/index.php?rest_route=%2Fwp%2Fv2%2Fcomments&post=528"}],"version-history":[{"count":7,"href":"https:\/\/bee-yourself.eu\/index.php?rest_route=\/wp\/v2\/pages\/528\/revisions"}],"predecessor-version":[{"id":675,"href":"https:\/\/bee-yourself.eu\/index.php?rest_route=\/wp\/v2\/pages\/528\/revisions\/675"}],"wp:attachment":[{"href":"https:\/\/bee-yourself.eu\/index.php?rest_route=%2Fwp%2Fv2%2Fmedia&parent=528"}],"curies":[{"name":"wp","href":"https:\/\/api.w.org\/{rel}","templated":true}]}}